a + l. Let u(d) = -d**2 - 3*d - 5. Calculate u(a).
-15
Let z be -4*5/30*-3. Let w(l) = -l**2 + 3*l - 5. What is w(z)?
-3
Let l(g) be the first derivative of g**3/3 + 5*g**2/2 + 4*g + 1. Let f(q) = 5*q - 2. Let s be f(1). Suppose 0*d + 26 = -s*x - 2*d, -28 = 2*x + 4*d. Give l(x).
10
Let y(u) = u**3 - 7*u**2 + 2*u + 1. Let g(w) = -3*w**3 + 21*w**2 - 5*w - 2. Let o(i) = -2*g(i) - 7*y(i). Let d = -749 - -755. What is o(d)?
9
Suppose -5*n + 4*g - 23 = 0, -3*n + 9 = 3*g + 39. Let z(r) = 5*r + 30. Give z(n).
-5
Let m(b) = 2*b - 11. Let h = 63 - 66. Let o be 8/(-1 + (h - -5)). Calculate m(o).
5
Let i(p) = p + 1. Suppose -8*u = -13*u + 30. Suppose -u = 4*t - t. Let s be 0/(-1*(t + 1)). Calculate i(s).
1
Let d = 1849 - 1853. Let w(l) = -9*l. Determine w(d).
36
Let f(b) = 2*b**2 + 13*b + 4. Let w(g) = 2*g**3 + 17*g**2 + 13*g + 34. Let u be w(-8). Calculate f(u).
-2
Let n(g) = 8 + g**2 + 6*g - 3*g**2 + g**2 - 3. Suppose 0 = -3*u - 2*m + 6, 2*m = -3*u + 2*u - 2. What is n(u)?
13
Let r = 33 - 39. Let u be ((-21)/(-14))/(r/(-4)). Suppose b + 2 = 5*y, 2*y = -b - u + 6. Let l(x) = 3*x**3 - 2*x**2 + 1. Calculate l(y).
2
Suppose -4 = 5*h + 2*y - 22, y = -1. Let n be (18/(-15))/((-4)/10). Let x(d) = -4 + 0*d**2 + n*d + 1 - d**2. Determine x(h).
-7
Let b(n) = -n. Let h be (8/(-6))/((-2)/(-9)). Let d(a) = a. Let s(r) = 2*r - 14. Let w(k) = 5*d(k) - s(k). Let l be w(h). Calculate b(l).
4
Let a(o) = -o**2 - 8*o - 12. Suppose -48*g + 52*g + 32 = 0. Determine a(g).
-12
Let f(w) be the third derivative of -w**4/24 + 17*w**3/6 - 11*w**2. Let k be f(17). Let o(s) = s**2 - 9. Determine o(k).
-9
Let t(d) = 2*d**2 - 2*d - d**3 - 13 + 33 - 17. Calculate t(3).
-12
Suppose -4*p = -2*r + 12, -4*r - p + 33 = -0*p. Suppose 5*q = -3*w + 207, -3*w + 4*q - 3 = -183. Let y be ((-16)/w)/(2/r). Let g(n) = -n - 1. What is g(y)?
0
Let x(o) = -11*o - 4. Let j be x(-10). Let y(w) = -j + 9*w**2 - w + 106. What is y(1)?
8
Let o(s) = 366 - 184 - 179 - 3*s. Determine o(3).
-6
Let o(j) = -12*j**2 + j. Let b(d) = 2*d**2 + 13*d - 6. Let i be b(-7). Give o(i).
-11
Let h(g) = 11*g**3 + g**2 + g + 1. Suppose 88 = d - 97. Let a be (-8)/(-52) + d/65. Suppose -a = -w - 4. What is h(w)?
-10
Let g(c) = -c + 3. Let d be -2 + 2/(-6)*-15. Suppose -d*v + 10 = -v. What is g(v)?
-2
Let w(j) = -4*j**3 + 7*j**2 - 4*j + 4. Let y(d) = 7*d**3 - 14*d**2 + 8*d - 9. Let a(c) = -5*w(c) - 3*y(c). Give a(6).
19
Let y(s) be the second derivative of -s**5/20 + 5*s**4/6 - 7*s**3/6 - 7*s**2/2 - 3*s + 4. What is y(9)?
11
Suppose 0 = 4*h - 8*h + 24. Let d(r) = 2 + 3 - 3*r**2 - h - r**3. Give d(-3).
-1
Let d(o) = -26*o**2 - 10*o + 7. Let j(x) = -17*x**2 - 7*x + 5. Let m(y) = -5*d(y) + 7*j(y). Suppose t - 2*q - 7 = 0, 0 = -57*t + 56*t - 2*q - 5. Give m(t).
12
Let s = 247 - 249. Let j(h) = h**3 + 2*h**2 - 3*h - 3. Give j(s).
3
Let m be 1*(4 + (-2)/((-12)/6)). Let l(a) = a**3 - 2*a**2 - 13*a - 10. Calculate l(m).
0
Let b(u) = -u**3 + u**2 + u + 9. Let s(n) = -n**2 - 2*n - 2. Let r(t) = 2*t**3 - t**2 + 1. Let w be r(-1). Let p be s(w). Let d = 2 + p. Give b(d).
9
Let d(w) = -6*w**3 - 13*w**2 - 7*w + 4. Let i(y) = 5*y**3 + 12*y**2 + 7*y - 4. Let s(f) = -4*d(f) - 5*i(f). Determine s(-7).
4
Let y(l) be the second derivative of 3*l + 0 + 0*l**2 - 5/6*l**3. Let b(w) = 3*w. Let p(g) = -7*b(g) - 4*y(g). Determine p(2).
-2
Let x(q) = 5*q + 1. Suppose 0 = -3*t + 155 + 166. Let y = t - 109. Calculate x(y).
-9
Suppose -2252*h = -2190*h - 186. Let r(f) = 6*f**2 - 4. Let s(p) = -p**2 + 1. Let i(k) = -r(k) - 5*s(k). What is i(h)?
-10
Let y(m) = 23*m + 4. Let w = 645 + -647. What is y(w)?
-42
Let t(b) be the third derivative of -b**6/120 + b**5/12 + 5*b**4/24 + b**3/2 - 3*b**2. Suppose 0 = 7*c - 2*c - f - 30, 0 = -c + 5*f + 6. Calculate t(c).
-3
Let y(u) = -u + 24. Suppose 4*b - 2 - 10 = 0. Suppose -f = -f + b*f. Give y(f).
24
Suppose 2*y + 2*d - 11 = -9, 0 = d. Let q(m) = 27*m**2 - m. Calculate q(y).
26
Let t(b) be the first derivative of b**3 + 3*b**2 - 4*b - 289. Give t(-3).
5
Let r = 426 + -412. Let p(i) = 5*i - 72. Give p(r).
-2
Let q(s) = 4*s - 6. Let b(x) = -2*x + 3. Let f(k) = k**3 + k**2 - 2*k - 9. Let m be f(0). Let t(g) = m*b(g) - 4*q(g). Let n = -14 + 9. Determine t(n).
-13
Let a(z) be the third derivative of z**5/60 + 5*z**4/24 - 2*z**3/3 - 69*z**2. Determine a(-6).
2
Let a(v) = 4*v + 3. Suppose -3*f - 6*q = -q + 112, -3*q - 73 = 2*f. Let p = 207 - 182. Let o = p + f. Determine a(o).
-13
Let t be (6 + 9 + -16)/1. Let g(x) = 7*x + 4. Give g(t).
-3
Let h(t) = t**3 + 4*t**2 - 4*t - 1. Let g(q) = q**3 + 13*q**2 + 34*q + 35. Let l be g(-10). Determine h(l).
-6
Let h(p) = -21*p - 2. Let f(y) = 13*y + 3. Let x(w) = -4*w - 1. Let t(a) = 6*f(a) + 17*x(a). Let m(i) = -2*h(i) - 5*t(i). Suppose 0 = -3*g - 2 - 1. Give m(g).
7
Let m(n) be the first derivative of n**3/3 - 3*n**2/2 - 7*n + 10. Let h be m(4). Let v(o) = 2*o**2 - 4. Give v(h).
14
Suppose 471 = -17*m + 454. Let o(h) = -42*h**3 + 2*h + 1. Calculate o(m).
41
Let b(y) = -18 - 29*y + 69*y - 44*y. Give b(-6).
6
Let a(o) = -2 + 29*o + 21*o - 74*o + 25*o + o**2. Determine a(-5).
18
Let d(z) be the second derivative of z**5/20 + 3*z**4/4 + 5*z**3/3 + 15*z**2/2 + z + 2. Give d(-8).
-1
Let j be 48/21 - (-6)/(-21). Let u(h) = 0 + 4*h**j + 2 + 3*h + 5 + h**3 - 1. Let q be u(-4). Let t(r) = -r - 2. Calculate t(q).
4
Let y(v) = 202 - 90 - 109 - 11*v. Let i(u) = -u + 9. Let q be i(7). Give y(q).
-19
Let i(w) = -3*w**3 + 36*w**2 + 19*w + 14. Let o(k) = k**3 - 12*k**2 - 6*k - 4. Let x(p) = -6*i(p) - 17*o(p). Calculate x(13).
-3
Let x be 2 + 15/(-10)*(-60 - -2). Let h = x - 85. Let c(v) = v**2 - 3*v + 5. Give c(h).
9
Let p(v) = 5 - 1 - 1 - 1 + v. Let i be (-6)/15 + 34/10. Suppose -4*s + 20 = -3*s - i*z, -5*s - 4*z + 5 = 0. Give p(s).
7
Let g(o) be the first derivative of 0*o - 1/8*o**4 + 13 + 1/6*o**3 - 3*o**2. Let k(w) be the second derivative of g(w). Calculate k(-1).
4
Let n(g) = -g**3 + g**2 + g. Let u be n(0). Let b be 4 - ((-3 - -3) + 2). Let a(s) = 5*s - 4. Let k(d) = d - 1. Let v(c) = b*a(c) - 9*k(c). Calculate v(u).
1
Suppose -p - 11 = 4*w, 16 = w - 5*w. Let b(m) = p*m - 1 - 2*m**2 - 2 + 0*m**2. Suppose -5*f - 5*i + 10 = 0, -4*f + 3*i + 7 + 8 = 0. Calculate b(f).
-6
Let c(b) = 7*b. Let r(n) = -n**2 - n + 7. Let w = 6 - 2. Let m(f) = f - 7. Let u be m(w). Let l be r(u). Give c(l).
7
Let f(m) = 175*m - 86*m - 85*m + 2*m**2 + 4. Let h be (4/1)/8*-6. Give f(h).
10
Let s(g) be the first derivative of 2*g**2 - 4*g - 2. Let r(o) = o + 7. Let a be r(-3). Calculate s(a).
12
Suppose -6*m + 4 = -4*m. Let j(b) = -2*b - 6. Let h(u) = u + 5. Let v(l) = m*j(l) + 3*h(l). What is v(-6)?
9
Let w(v) be the first derivative of -1/2*v**2 + 6 + 1/2*v**4 - 2*v - 2/3*v**3. Let z(a) = -3*a - 1. Let f be z(-1). Determine w(f).
4
Let j be 6/5*45/(-18). Let f(b) = -36*b + 21*b - 1 + 17*b + b**2. What is f(j)?
2
Let p(m) be the third derivative of -m**6/120 - m**4/24 + 2*m**3/3 + 5*m**2 - 9. Calculate p(0).
4
Let t(s) = -38*s - 13. Let z(a) = 11*a + 4. Let k(h) = -2*t(h) - 7*z(h). What is k(1)?
-3
Suppose -5*n = -3*n. Suppose -5*g + 10 = -n*g. Let y(c) = -2*c**2 - c + 1. What is y(g)?
-9
Let g = 81 - 77. Let h(a) = -g + a**2 - 2 + 45*a - 47*a + 2. Calculate h(4).
4
Let b(k) = 3*k**2 - 12*k + 5. Let j(n) = 8*n**2 - 33*n + 14. Let p(c) = -11*b(c) + 4*j(c). Give p(1).
0
Let b = -397 - -395. Let f(v) = 2*v**2 - 2*v - 3. Give f(b).
9
Suppose 0 = p - 5*p - 20. Let g(b) = 4*b**2 + 4*b - 7. Let j(u) = u**2 + 2*u. Let t(z) = g(z) - 3*j(z). Determine t(p).
28
Let j(p) = -p**3 - 9*p**2 + 12*p + 12. Let x be (-106)/10 + 406/35 + -11. Calculate j(x).
-8
Let i(s) be the second derivative of -s**3/2 + 5*s**2/2 + 3*s + 87. Suppose 4*a - 4*j - 4 = -0*j, 2*j = -6. Let z = 6 + a. Determine i(z).
-7
Let z = 28 + -26. Let f(o) = 18*o - o**2 + 12*o - 24*o + 2 + z*o**2. Calculate f(-4).
-6
Let a(x) = 23*x**3 - 22*x**3 + 7*x**2 + 12*x - 3 - 6*x. What is a(-5)?
17
Let n(u) = -u + 1. Suppose -4*l - 8 = 16. Calculate n(l).
7
Suppose -5*o - 42 = -4*x, -o + 9 = 8*x - 3*x. Let w(g) = 5*g**2 - 14*g**3 - 41*g**3 - 16*g**3 + 72*g**3 + 7 - 2*g. Give w(o).
-17
Let h be (-22)/(-12) - (-1)/6. Suppose 4*p = o + 23, h*p - 3*o - 34 = -3*p. Let t(j) = j - 2. Give t(p).
3
Suppose -5*i - 20 = j + 4*j, -2*i - 2 = -j. Let g(d) = -d**2 - 3 + 1555*d + 4 - 1555*d - 